t common factor of 24 and z.
8
Let u = 15217 - 15210. What is the highest common divisor of 931 and u?
7
Suppose -46*o + 43*o = -24. Suppose 3*q = 97 + 359. Calculate the greatest common divisor of o and q.
8
Let z(s) = -s**3 + 37*s**2 - 109*s - 5. Let m be z(15). What is the highest common factor of 10 and m?
10
Suppose 3*h - 246 = 15. Let v = -95 + h. Let f(l) = 2*l + 42. Let q be f(v). What is the greatest common factor of 52 and q?
26
Let w be 3*(10/3 + -4) - -2. Suppose 11*t - 21*t + 1430 = w. Suppose 142*y - t*y = -209. Calculate the highest common factor of 19 and y.
19
Suppose -5*s = -2*r - 72, 6*s - s - 75 = 5*r. Calculate the greatest common factor of s and 5614.
14
Suppose -29243 - 33006 = -228*n + 46279. What is the highest common factor of 3213 and n?
119
Let h(q) = 3*q**2 + 28*q - 240. Let r be h(11). Let l = r + -306. What is the highest common divisor of 50 and l?
25
Let t(c) = -13 - 3 + c**3 + 4*c - 16*c**2 + 10*c**2. Let k be t(7). Calculate the greatest common factor of 854 and k.
61
Let u be (-1 - (-1 + -1)) + 127. Let y(l) = -l**2 + 8*l - 3. Let i be y(2). Suppose -i = -x + 7. Calculate the greatest common factor of x and u.
16
Let t(h) = 4*h**2 - 2*h + 5. Suppose -15 = 11*s - 16*s. Suppose s*a + 12 = 7*a. Let y be t(a). What is the greatest common factor of y and 14?
7
Suppose -x = 42 - 35. Let r be (552/10)/((21/(-10))/x). What is the greatest common divisor of r and 40?
8
Suppose -2775 + 2595 = -36*a. Suppose -4*m + 165 = -m. What is the greatest common divisor of m and a?
5
Let f(h) = -h**3 + 69*h**2 - 67*h + 163. Let m be f(68). Calculate the greatest common divisor of 357 and m.
21
Let d be 4/18 - (-4400)/45. Suppose 4*v + 280 = 12*v. Let o = v + -21. What is the greatest common factor of o and d?
14
Let d = 3487 + -2562. What is the highest common factor of 740 and d?
185
Suppose 4*z - 36856 = 4*h, 2*z - 4*h = 14791 + 3625. What is the highest common factor of 20 and z?
20
Suppose -3*h = -5*r - 51 - 14, 3*h = -5*r + 115. Let m = -55635 + 55745. Calculate the highest common divisor of h and m.
10
Suppose 0*t - 17 = -t - 3*c, -5*t + 5*c + 85 = 0. Let n be (-8)/(-12)*-3 - -234. Let v = 266 - n. Calculate the highest common factor of t and v.
17
Let d(k) = k**3 + 3*k**2 - 11*k. Let z be d(-4). Let u be z/280 - (2 + 139/(-10)). Calculate the highest common divisor of 8 and u.
4
Let q be -186*(-3 - 15/(-6)). Suppose -3*s + 55 = 2*h - 0, -s = -2*h - 21. Let y = q + s. What is the greatest common factor of 16 and y?
16
Suppose 54*s = 5*o + 58*s - 13114, -2*s = 5*o - 13112. Calculate the greatest common factor of o and 138.
138
Suppose 16*g - 5*k + 326 = 17*g, 1012 = 3*g - 2*k. Let f = g + 108. Calculate the greatest common divisor of f and 12.
12
Let q = 137 + -127. Suppose 43 = q*x - 167. Let d be (-24)/14*7/(-2). Calculate the greatest common divisor of d and x.
3
Suppose -26356*t = -26392*t + 373644. Calculate the highest common divisor of 107 and t.
107
Let u(x) = -x**3 - 9*x**2 - 10*x - 6. Let l be u(-8). Let o(t) = t**3 - 7*t**2 - 24*t + 20. Let g be o(l). Calculate the greatest common divisor of g and 360.
40
Let w = 9 + 0. Let h(a) = -18*a + 108. Let j = -134 - -138. Let b be h(j). What is the greatest common divisor of b and w?
9
Let n = -54 - -425. Suppose -2839*w - 4*q - 268 = -2843*w, 5*q - 142 = -4*w. Calculate the greatest common factor of w and n.
53
Let l(d) = 3*d + 36. Let g be l(-15). Let r be (-47)/(-3) + 3/g*2. Let w(k) = k**2 - 13*k - 8. Let m be w(r). What is the greatest common divisor of 11 and m?
11
Let z(i) = 483*i**3 + 15*i**2 - 32*i + 65. Let c be z(3). What is the greatest common factor of 5 and c?
5
Let h = 576 - 571. Suppose -2*f - 258 = -p - 3*p, 264 = 4*p + 4*f. What is the greatest common divisor of p and h?
5
Suppose 0 = -6*t + 2*t + 64. Suppose -b - 5*v - 29 = -3*b, 3*b - t = 2*v. Suppose 0 = -3*w - b*w + 10. What is the highest common divisor of 3 and w?
1
Let c be ((-96)/(-3))/(0 - -1). Suppose 14*q - 615 = 113. Let m = q + -20. What is the highest common factor of c and m?
32
Suppose 0 = -7*p - 330 - 531. Let w = -70 - p. Let x(t) = t**3 + 20*t**2 - 12*t - 6. Let o be x(-19). Calculate the highest common factor of o and w.
53
Suppose -2*c + 3*c = 40. Suppose -6*w + c = -w. Suppose 12*l + 32 = 13*l. What is the highest common factor of l and w?
8
Suppose 44*j - 261 = 707. Calculate the greatest common factor of 3443 and j.
11
Let k = 40 - 12. Let t(g) = g**3 - 3*g**2 - 7*g + 1. Let y be t(5). Let i = k + y. Calculate the highest common divisor of i and 11.
11
Suppose -2*j + 373*z + 146 = 371*z, 5*z = -5*j + 405. What is the greatest common divisor of 2772 and j?
77
Suppose -5*c + 2 = 2. Suppose c = z - 7*z + 42. Suppose -3*d - 5*g + z*g + 496 = 0, 187 = d - 5*g. Calculate the greatest common divisor of d and 18.
18
Let j = -24116 - -24267. Calculate the highest common factor of 6191 and j.
151
Suppose -2*d - 18*d + 36969 = 15129. Calculate the highest common divisor of 117 and d.
39
Let o = -47 + 119. Let r = 82 - o. Let u be (-492)/(-30) - 4/r. Calculate the greatest common divisor of 112 and u.
16
Suppose 7*o = 99221 + 15579. Calculate the greatest common factor of 25 and o.
25
Let a = -238 + 277. Suppose 25*h = a*h - 532. Calculate the greatest common factor of h and 684.
38
Let y = -49 - -51. Suppose -3*v - 3*h = -y*v - 252, 3*v + 5*h = 740. What is the highest common divisor of v and 96?
48
Suppose 0 = -5*d - 12*h + 17*h + 49035, -3 = h. Calculate the highest common divisor of 456 and d.
228
Let s(m) = 30*m**2 + 11*m + 29. Let b = -83 - -74. Let u = b - -6. Let d be s(u). Calculate the highest common factor of 38 and d.
38
Suppose 3*n = 52*j - 48*j + 134, 0 = 5*n - 2*j - 214. Calculate the highest common divisor of 18 and n.
6
Let y = -56298 - -56482. Suppose -232 = -2*u + c, -u + 238 = u - 4*c. What is the greatest common divisor of u and y?
23
Let z be (-14)/(-4)*(-7)/(49/(-8)). What is the highest common divisor of z and 796?
4
Let j = 46096 + -42262. Calculate the highest common divisor of 864 and j.
54
Suppose 0*v - 3 + 147 = 3*v. Calculate the highest common factor of 5248 and v.
16
Let l be (-64)/12*(-72)/4. Suppose 0 = -2*p - w, p - 5*w + 2870 = 2903. Calculate the greatest common divisor of p and l.
3
Let v = 30 - -5. Suppose -4*m + 677 = -10*a + 5*a, 4*a - 306 = -2*m. Let q = -93 + m. What is the greatest common factor of q and v?
35
Let u be (92/10)/(12/60). Let o = 147 - u. Let j = o + -86. Calculate the greatest common factor of 3 and j.
3
Suppose -8*z - 720 = -13*z. Let k = z + -51. Let j(p) = -p + 9. Let i be j(-22). Calculate the greatest common factor of k and i.
31
Let p(i) = 3*i + 10. Let d be p(-4). Let h be (-21)/d*(7 - 5). Suppose 5*k - h - 69 = 0. What is the highest common divisor of 2 and k?
2
Suppose 5*o - 3*l + 2 = l, 4*o = -2*l + 14. Let z be (-1 + 0)*(-5 + -2). Suppose -z*k + 185 - 31 = 0. What is the highest common divisor of k and o?
2
Suppose 3*h - 213 = -5*w, 5*h + 102 = -5*w + 447. Calculate the highest common factor of h and 1617.
33
Let r be 19 + -11 - (-48)/(-6). Suppose -24*c - 1073 + 6041 = r. What is the greatest common divisor of c and 45?
9
Let i be -51 + (0/(-4) - -1) + -1. Let o = i + 165. What is the greatest common divisor of 57 and o?
57
Let g be 65/4 - ((-92)/16 + 6). Calculate the greatest common divisor of g and 28.
4
Let a(p) = 6*p**2 + 17*p + 55. Let b be a(-4). Calculate the greatest common divisor of 12367 and b.
83
Suppose 5*k - a + 4*a + 1035 = 0, -4*k + 3*a - 801 = 0. Let m = 357 + k. What is the highest common factor of 136 and m?
17
Let y(h) = 36*h - 219. Let g be y(31). Calculate the highest common divisor of g and 207.
69
Let o(d) = 6*d**3 - 41*d**2 - 8*d + 9. Let s be o(7). Suppose -13*a + 9*a - 2*y + 126 = 0, -5*y + 43 = s*a. What is the highest common factor of 68 and a?
34
Suppose 0 = -16*o - o + 85. What is the greatest common factor of o and 237?
1
Suppose -q - 5*i = -24, 5*i = -4*q - 15 + 66. Suppose -4*u + 40 = -0. Suppose -28 = -k - u. What is the highest common factor of q and k?
9
Let v = 4864 - 4711. Suppose 7*a = 2*a + 270. What is the highest common factor of v and a?
9
Let g = -11260 - -15175. Calculate the highest common divisor of 105 and g.
15
Suppose 67*f - 112855 = -24415. Calculate the greatest c